{"id":12,"date":"2025-11-16T21:06:16","date_gmt":"2025-11-16T20:06:16","guid":{"rendered":"https:\/\/kasiabutryn.com\/?page_id=12"},"modified":"2026-04-16T15:53:43","modified_gmt":"2026-04-16T13:53:43","slug":"12-2","status":"publish","type":"page","link":"https:\/\/kasiabutryn.com\/","title":{"rendered":"Namietnosci &#8211; Katarzyna Jola Butryn"},"content":{"rendered":"<p>[et_pb_section fb_built=&#8221;1&#8243; fullwidth=&#8221;on&#8221; _builder_version=&#8221;4.24.2&#8243; _module_preset=&#8221;default&#8221; global_colors_info=&#8221;{}&#8221;][et_pb_fullwidth_image src=&#8221;https:\/\/kasiabutryn.com\/wp-content\/uploads\/2025\/11\/09.2022_WZ_Facebook-Cover-1-1.png&#8221; title_text=&#8221;09.2022_WZ_Facebook Cover (1)&#8221; _builder_version=&#8221;4.24.2&#8243; _module_preset=&#8221;default&#8221; global_colors_info=&#8221;{}&#8221;][\/et_pb_fullwidth_image][\/et_pb_section][et_pb_section fb_built=&#8221;1&#8243; _builder_version=&#8221;4.24.2&#8243; _module_preset=&#8221;default&#8221; background_color=&#8221;#ff007f&#8221; custom_padding=&#8221;75px|||||&#8221; global_colors_info=&#8221;{}&#8221;][et_pb_row _builder_version=&#8221;4.24.2&#8243; _module_preset=&#8221;default&#8221; global_colors_info=&#8221;{}&#8221;][et_pb_column type=&#8221;4_4&#8243; _builder_version=&#8221;4.24.2&#8243; _module_preset=&#8221;default&#8221; global_colors_info=&#8221;{}&#8221;][et_pb_text _builder_version=&#8221;4.24.2&#8243; _module_preset=&#8221;default&#8221; header_font=&#8221;Cinzel||||||||&#8221; header_text_color=&#8221;#ff007f&#8221; header_font_size=&#8221;35px&#8221; header_line_height=&#8221;1.4em&#8221; global_colors_info=&#8221;{}&#8221;]<\/p>\n<h1 style=\"text-align: center;\"><span style=\"color: #ffffff;\">MAMY BARDZO DU\u017bO ZWROT\u00d3W, <br \/>TZN. MAILI, KT\u00d3RE NIE ISTNIEJ\u0104.<br \/>\u00a0<br \/>DOS\u0141OWNIE NIE MAMY JAK WYS\u0141A\u0106 CI PACZKI.<\/span><\/h1>\n<p>[\/et_pb_text][et_pb_text _builder_version=&#8221;4.24.2&#8243; _module_preset=&#8221;default&#8221; global_colors_info=&#8221;{}&#8221; custom_padding=&#8221;2px|||||&#8221;]<\/p>\n<p style=\"text-align: center;\"><span style=\"color: #ffffff;\">PROSIMY CI\u0118 O KONTAKT &#8211; JE\u015aLI NIC NIE DOSTA\u0141A\u015a, A WIDZISZ, \u017bE KURSY I PROGRAMY, KT\u00d3RE KUPI\u0141A\u015a ZOSTA\u0141Y JU\u017b WYS\u0141ANE. <br \/>SKONTAKTUJ SI\u0118 Z NAMI NA ADRES KASIABUTRYN.INTL { ma\u0142pka } GMAIL.COM<\/span><\/p>\n<p style=\"text-align: center;\"><span style=\"color: #ffffff;\">DZI\u0118KUJEMY!<\/span><\/p>\n<p>[\/et_pb_text][\/et_pb_column][\/et_pb_row][\/et_pb_section][et_pb_section fb_built=&#8221;1&#8243; _builder_version=&#8221;4.24.2&#8243; _module_preset=&#8221;default&#8221; background_color=&#8221;#ffb9b9&#8243; global_colors_info=&#8221;{}&#8221;][et_pb_row _builder_version=&#8221;4.24.2&#8243; _module_preset=&#8221;default&#8221; global_colors_info=&#8221;{}&#8221;][et_pb_column type=&#8221;4_4&#8243; _builder_version=&#8221;4.24.2&#8243; _module_preset=&#8221;default&#8221; global_colors_info=&#8221;{}&#8221;][et_pb_text _builder_version=&#8221;4.24.2&#8243; _module_preset=&#8221;default&#8221; header_font=&#8221;Cinzel||||||||&#8221; header_text_color=&#8221;#ff007f&#8221; header_font_size=&#8221;35px&#8221; header_line_height=&#8221;1.4em&#8221; global_colors_info=&#8221;{}&#8221;]<\/p>\n<h1 style=\"text-align: center;\">Rozpocz\u0119li\u015bmy wysy\u0142k\u0119 kurs\u00f3w, program\u00f3w i warsztat\u00f3w,<br \/>kt\u00f3re wykupi\u0142a\u015b w Nami\u0119tno\u015bciach w latach 2018 &#8211; 2023.<\/h1>\n<p>[\/et_pb_text][\/et_pb_column][\/et_pb_row][\/et_pb_section][et_pb_section fb_built=&#8221;1&#8243; _builder_version=&#8221;4.24.2&#8243; _module_preset=&#8221;default&#8221; background_color=&#8221;#ffded4&#8243; global_colors_info=&#8221;{}&#8221;][et_pb_row _builder_version=&#8221;4.24.2&#8243; _module_preset=&#8221;default&#8221; global_colors_info=&#8221;{}&#8221;][et_pb_column type=&#8221;4_4&#8243; _builder_version=&#8221;4.24.2&#8243; _module_preset=&#8221;default&#8221; global_colors_info=&#8221;{}&#8221;][et_pb_text _builder_version=&#8221;4.24.2&#8243; _module_preset=&#8221;default&#8221; header_font=&#8221;Cinzel||||||||&#8221; header_text_color=&#8221;#ff007f&#8221; header_font_size=&#8221;35px&#8221; header_line_height=&#8221;1.4em&#8221; global_colors_info=&#8221;{}&#8221;]<\/p>\n<h1 style=\"text-align: center;\">\u00a0INSTRUKCJE:<\/h1>\n<p>[\/et_pb_text][et_pb_text _builder_version=&#8221;4.24.2&#8243; _module_preset=&#8221;default&#8221; text_font_size=&#8221;27px&#8221; global_colors_info=&#8221;{}&#8221;]<\/p>\n<p style=\"text-align: center;\">zapoznaj si\u0119 prosz\u0119 z instrukcj\u0105, kt\u00f3r\u0105 znajdziesz poni\u017cej:\u00a0<\/p>\n<p>[\/et_pb_text][\/et_pb_column][\/et_pb_row][\/et_pb_section][et_pb_section fb_built=&#8221;1&#8243; _builder_version=&#8221;4.24.2&#8243; _module_preset=&#8221;default&#8221; global_colors_info=&#8221;{}&#8221;][et_pb_row _builder_version=&#8221;4.24.2&#8243; _module_preset=&#8221;default&#8221; global_colors_info=&#8221;{}&#8221;][et_pb_column type=&#8221;4_4&#8243; _builder_version=&#8221;4.24.2&#8243; _module_preset=&#8221;default&#8221; global_colors_info=&#8221;{}&#8221;][et_pb_text _builder_version=&#8221;4.24.2&#8243; _module_preset=&#8221;default&#8221; global_colors_info=&#8221;{}&#8221;]<\/p>\n<p><span style=\"color: #333333;\">1. wysy\u0142amy zaczynanaj\u0105c od ostatniego roku dzia\u0142ania Nami\u0119tno\u015bci, czyli 2023, potem cofamy si\u0119 kolejne lata &#8211; 2022, 2021 itd.\u00a0<\/span><\/p>\n<p><span style=\"color: #333333;\">2.\u00a0Twoja paczka kursu do pobrania zostanie wys\u0142ana na ten adres email, na kt\u00f3ry mia\u0142a\u015b zarejestrowane konto na stronie kasiabutryn.com\u00a0<\/span><\/p>\n<p><span style=\"color: #333333;\">3. wszystkie kursy, programy, warsztaty, kt\u00f3re wysy\u0142amy s\u0105 spakowane w formacie zip.\u00a0<\/span><\/p>\n<p><span style=\"color: #333333;\">4. niekt\u00f3re kursy sk\u0142adaj\u0105 si\u0119 z kilku paczek do pobrania<\/span><\/p>\n<p><span style=\"color: #333333;\">5. wysy\u0142amy paczki kurs\u00f3w z adresu email kasiabutryn.intl { tutaj ma\u0142pka } gmail.com<\/span><\/p>\n<p><span style=\"color: #333333;\">6. link do ka\u017cdej paczki, jak\u0105 otrzymasz jest aktywny przez 30 dni kalendarzowych od momentu wys\u0142ania maila.<\/span><\/p>\n<p><span style=\"color: #333333;\">7. je\u017celi masz jakie\u015b pytania lub nie otrzyma\u0142a\u015b paczki kursu, kt\u00f3ry wykupi\u0142a\u015b\u00a0 &#8211; skontaktuj si\u0119 poprzez email kasiabutryn.intl { tutaj ma\u0142pka } gmail.com<\/span><\/p>\n<p><span style=\"color: #000000;\">8. poni\u017cej publikujemy harmonogram wysy\u0142ki paczek<\/span><\/p>\n<p>[\/et_pb_text][\/et_pb_column][\/et_pb_row][\/et_pb_section][et_pb_section fb_built=&#8221;1&#8243; _builder_version=&#8221;4.24.2&#8243; _module_preset=&#8221;default&#8221; background_color=&#8221;#ffded4&#8243; global_colors_info=&#8221;{}&#8221;][et_pb_row _builder_version=&#8221;4.24.2&#8243; _module_preset=&#8221;default&#8221; global_colors_info=&#8221;{}&#8221;][et_pb_column type=&#8221;4_4&#8243; _builder_version=&#8221;4.24.2&#8243; _module_preset=&#8221;default&#8221; global_colors_info=&#8221;{}&#8221;][et_pb_text _builder_version=&#8221;4.24.2&#8243; _module_preset=&#8221;default&#8221; header_font=&#8221;Cinzel||||||||&#8221; header_text_color=&#8221;#ff007f&#8221; header_font_size=&#8221;35px&#8221; header_line_height=&#8221;1.4em&#8221; global_colors_info=&#8221;{}&#8221;]<\/p>\n<h1 style=\"text-align: center;\">\u00a0HARMONOGRAM WYSY\u0141KI:<\/h1>\n<p>[\/et_pb_text][et_pb_text _builder_version=&#8221;4.24.2&#8243; _module_preset=&#8221;default&#8221; text_font_size=&#8221;27px&#8221; global_colors_info=&#8221;{}&#8221;]<\/p>\n<p style=\"text-align: center;\">aktualizowana na bie\u017c\u0105co lista paczek <span style=\"text-decoration: underline;\">ju\u017c<\/span> wys\u0142anych<\/p>\n<p style=\"text-align: center;\">aktualizacja: 15.04.2025<\/p>\n<p>&nbsp;<\/p>\n<p>[\/et_pb_text][\/et_pb_column][\/et_pb_row][\/et_pb_section][et_pb_section fb_built=&#8221;1&#8243; _builder_version=&#8221;4.24.2&#8243; _module_preset=&#8221;default&#8221; global_colors_info=&#8221;{}&#8221;][et_pb_row _builder_version=&#8221;4.24.2&#8243; _module_preset=&#8221;default&#8221; global_colors_info=&#8221;{}&#8221;][et_pb_column type=&#8221;4_4&#8243; _builder_version=&#8221;4.24.2&#8243; _module_preset=&#8221;default&#8221; global_colors_info=&#8221;{}&#8221;][et_pb_image src=&#8221;https:\/\/kasiabutryn.com\/wp-content\/uploads\/2025\/11\/Zrzut-ekranu-2025-11-16-o-21.37.20-1.png&#8221; title_text=&#8221;Zrzut ekranu 2025-11-16 o 21.37.20&#8243; _builder_version=&#8221;4.24.2&#8243; _module_preset=&#8221;default&#8221; global_colors_info=&#8221;{}&#8221;][\/et_pb_image][et_pb_image src=&#8221;https:\/\/kasiabutryn.com\/wp-content\/uploads\/2026\/04\/Zrzut-ekranu-2026-04-16-o-15.16.07.png&#8221; title_text=&#8221;Zrzut ekranu 2026-04-16 o 15.16.07&#8243; _builder_version=&#8221;4.24.2&#8243; _module_preset=&#8221;default&#8221; global_colors_info=&#8221;{}&#8221;][\/et_pb_image][et_pb_image src=&#8221;https:\/\/kasiabutryn.com\/wp-content\/uploads\/2026\/04\/Zrzut-ekranu-2026-04-16-o-15.17.05.png&#8221; title_text=&#8221;Zrzut ekranu 2026-04-16 o 15.17.05&#8243; _builder_version=&#8221;4.24.2&#8243; _module_preset=&#8221;default&#8221; global_colors_info=&#8221;{}&#8221;][\/et_pb_image][et_pb_image src=&#8221;https:\/\/kasiabutryn.com\/wp-content\/uploads\/2026\/04\/Zrzut-ekranu-2026-04-16-o-15.17.27.png&#8221; title_text=&#8221;Zrzut ekranu 2026-04-16 o 15.17.27&#8243; _builder_version=&#8221;4.24.2&#8243; _module_preset=&#8221;default&#8221; global_colors_info=&#8221;{}&#8221;][\/et_pb_image][et_pb_image src=&#8221;https:\/\/kasiabutryn.com\/wp-content\/uploads\/2026\/04\/Zrzut-ekranu-2026-04-16-o-15.21.11.png&#8221; title_text=&#8221;Zrzut ekranu 2026-04-16 o 15.21.11&#8243; _builder_version=&#8221;4.24.2&#8243; _module_preset=&#8221;default&#8221; global_colors_info=&#8221;{}&#8221;][\/et_pb_image][et_pb_image src=&#8221;https:\/\/kasiabutryn.com\/wp-content\/uploads\/2026\/04\/Zrzut-ekranu-2026-04-16-o-15.20.49.png&#8221; title_text=&#8221;Zrzut ekranu 2026-04-16 o 15.20.49&#8243; _builder_version=&#8221;4.24.2&#8243; _module_preset=&#8221;default&#8221; global_colors_info=&#8221;{}&#8221;][\/et_pb_image][\/et_pb_column][\/et_pb_row][\/et_pb_section][et_pb_section fb_built=&#8221;1&#8243; _builder_version=&#8221;4.24.2&#8243; _module_preset=&#8221;default&#8221; background_color=&#8221;#ffded4&#8243; global_colors_info=&#8221;{}&#8221;][et_pb_row _builder_version=&#8221;4.24.2&#8243; _module_preset=&#8221;default&#8221; global_colors_info=&#8221;{}&#8221;][et_pb_column type=&#8221;4_4&#8243; _builder_version=&#8221;4.24.2&#8243; _module_preset=&#8221;default&#8221; global_colors_info=&#8221;{}&#8221;][et_pb_text _builder_version=&#8221;4.24.2&#8243; _module_preset=&#8221;default&#8221; header_font=&#8221;Cinzel||||||||&#8221; header_text_color=&#8221;#ff007f&#8221; header_font_size=&#8221;35px&#8221; header_line_height=&#8221;1.4em&#8221; global_colors_info=&#8221;{}&#8221;]<\/p>\n<h1 style=\"text-align: center;\">\u00a0NIE OTRZYMA\u0141A\u015a MAILA Z PACZK\u0104?<\/h1>\n<p>[\/et_pb_text][et_pb_text _builder_version=&#8221;4.24.2&#8243; _module_preset=&#8221;default&#8221; text_font=&#8221;Open Sans||||||||&#8221; text_font_size=&#8221;21px&#8221; text_line_height=&#8221;1.8em&#8221; global_colors_info=&#8221;{}&#8221;]<\/p>\n<p style=\"text-align: center;\">poni\u017cej instrukcja co zrobi\u0107:<\/p>\n<p>[\/et_pb_text][\/et_pb_column][\/et_pb_row][\/et_pb_section][et_pb_section fb_built=&#8221;1&#8243; _builder_version=&#8221;4.24.2&#8243; _module_preset=&#8221;default&#8221; global_colors_info=&#8221;{}&#8221;][et_pb_row _builder_version=&#8221;4.24.2&#8243; _module_preset=&#8221;default&#8221; global_colors_info=&#8221;{}&#8221;][et_pb_column type=&#8221;4_4&#8243; _builder_version=&#8221;4.24.2&#8243; _module_preset=&#8221;default&#8221; global_colors_info=&#8221;{}&#8221;][et_pb_text _builder_version=&#8221;4.24.2&#8243; _module_preset=&#8221;default&#8221; global_colors_info=&#8221;{}&#8221;]<\/p>\n<p style=\"text-align: left;\"><span style=\"color: #333333;\">1. sprawd\u017a folder &#8222;Spam&#8221; albo &#8222;Oferty&#8221; je\u015bli u\u017cywasz skrzynki gmail<\/span><\/p>\n<p style=\"text-align: left;\"><span style=\"color: #333333;\">2. wyszukaj na swojej skrzynce maile wys\u0142ane z adresu kasiabutryn.intl {tutaj ma\u0142pka } gmail.com<\/span><\/p>\n<p style=\"text-align: left;\"><span style=\"color: #333333;\">3. je\u015bli nic nie znajdujesz &#8211; napisz do nas email na adres kasiabutryn.inl { tutaj ma\u0142pka } gmail.com<\/span><\/p>\n<p style=\"text-align: left;\"><span style=\"color: #333333;\">4. uprzejmie informujemy, \u017ce jedynym kana\u0142em do komunikacji w sprawie wysy\u0142ki wykupionych przez Ciebie kurs\u00f3w jest adres email: kasiabutryn.inl { tutaj ma\u0142pka } gmail.com<\/span><\/p>\n<p>[\/et_pb_text][\/et_pb_column][\/et_pb_row][\/et_pb_section][et_pb_section fb_built=&#8221;1&#8243; _builder_version=&#8221;4.24.2&#8243; _module_preset=&#8221;default&#8221; background_color=&#8221;#ffded4&#8243; global_colors_info=&#8221;{}&#8221;][et_pb_row _builder_version=&#8221;4.24.2&#8243; _module_preset=&#8221;default&#8221; global_colors_info=&#8221;{}&#8221;][et_pb_column type=&#8221;4_4&#8243; _builder_version=&#8221;4.24.2&#8243; _module_preset=&#8221;default&#8221; global_colors_info=&#8221;{}&#8221;][et_pb_text _builder_version=&#8221;4.24.2&#8243; _module_preset=&#8221;default&#8221; header_font=&#8221;Cinzel||||||||&#8221; header_text_color=&#8221;#ff007f&#8221; header_font_size=&#8221;35px&#8221; header_line_height=&#8221;1.4em&#8221; global_colors_info=&#8221;{}&#8221;]<\/p>\n<h1 style=\"text-align: center;\">BEZP\u0141ATNE WARSZTATY NA NAMI\u0118TNO\u015aCIACH<\/h1>\n<p>[\/et_pb_text][et_pb_text _builder_version=&#8221;4.24.2&#8243; _module_preset=&#8221;default&#8221; text_font=&#8221;Open Sans||||||||&#8221; text_font_size=&#8221;21px&#8221; text_line_height=&#8221;1.8em&#8221; global_colors_info=&#8221;{}&#8221;]<\/p>\n<p style=\"text-align: center;\">bezp\u0142atne tre\u015bci mo\u017cesz pobra\u0107 <a href=\"https:\/\/kasiabutryn.com\/?page_id=8\">tutaj.<\/a><\/p>\n<p style=\"text-align: center;\">*Katarzyna zastrzega sobie prawo do udost\u0119pnienia tylko <span style=\"text-decoration: underline;\">wybranych<\/span> warsztat\u00f3w.<\/p>\n<p>[\/et_pb_text][\/et_pb_column][\/et_pb_row][\/et_pb_section][et_pb_section fb_built=&#8221;1&#8243; _builder_version=&#8221;4.24.2&#8243; _module_preset=&#8221;default&#8221; global_colors_info=&#8221;{}&#8221;][et_pb_row _builder_version=&#8221;4.24.2&#8243; _module_preset=&#8221;default&#8221; global_colors_info=&#8221;{}&#8221;][et_pb_column type=&#8221;4_4&#8243; _builder_version=&#8221;4.24.2&#8243; _module_preset=&#8221;default&#8221; global_colors_info=&#8221;{}&#8221;][et_pb_image src=&#8221;https:\/\/kasiabutryn.com\/wp-content\/uploads\/2025\/11\/Zrzut-ekranu-2025-11-16-o-22.09.42.png&#8221; title_text=&#8221;Zrzut ekranu 2025-11-16 o 22.09.42&#8243; _builder_version=&#8221;4.24.2&#8243; _module_preset=&#8221;default&#8221; global_colors_info=&#8221;{}&#8221;][\/et_pb_image][\/et_pb_column][\/et_pb_row][\/et_pb_section][et_pb_section fb_built=&#8221;1&#8243; _builder_version=&#8221;4.24.2&#8243; _module_preset=&#8221;default&#8221; background_color=&#8221;#ffded4&#8243; global_colors_info=&#8221;{}&#8221;][et_pb_row _builder_version=&#8221;4.24.2&#8243; _module_preset=&#8221;default&#8221; global_colors_info=&#8221;{}&#8221;][et_pb_column type=&#8221;4_4&#8243; _builder_version=&#8221;4.24.2&#8243; _module_preset=&#8221;default&#8221; global_colors_info=&#8221;{}&#8221;][et_pb_countdown_timer title=&#8221;do kiedy bezp\u0142atne tre\u015bci s\u0105 do pobrania?&#8221; date_time=&#8221;2026-05-16 00:00&#8243; _builder_version=&#8221;4.24.2&#8243; _module_preset=&#8221;default&#8221; global_colors_info=&#8221;{}&#8221;][\/et_pb_countdown_timer][\/et_pb_column][\/et_pb_row][\/et_pb_section]<\/p>\n","protected":false},"excerpt":{"rendered":"<p>MAMY BARDZO DU\u017bO ZWROT\u00d3W, TZN. MAILI, KT\u00d3RE NIE ISTNIEJ\u0104.\u00a0DOS\u0141OWNIE NIE MAMY JAK WYS\u0141A\u0106 CI PACZKI.PROSIMY CI\u0118 O KONTAKT &#8211; JE\u015aLI NIC NIE DOSTA\u0141A\u015a, A WIDZISZ, \u017bE KURSY I PROGRAMY, KT\u00d3RE KUPI\u0141A\u015a ZOSTA\u0141Y JU\u017b WYS\u0141ANE. SKONTAKTUJ SI\u0118 Z NAMI NA ADRES KASIABUTRYN.INTL { ma\u0142pka } GMAIL.COM DZI\u0118KUJEMY!Rozpocz\u0119li\u015bmy wysy\u0142k\u0119 kurs\u00f3w, program\u00f3w i warsztat\u00f3w,kt\u00f3re wykupi\u0142a\u015b w Nami\u0119tno\u015bciach w [&hellip;]<\/p>\n","protected":false},"author":1,"featured_media":0,"parent":0,"menu_order":0,"comment_status":"closed","ping_status":"closed","template":"","meta":{"_et_pb_use_builder":"on","_et_pb_old_content":"","_et_gb_content_width":"","footnotes":""},"class_list":["post-12","page","type-page","status-publish","hentry"],"_links":{"self":[{"href":"https:\/\/kasiabutryn.com\/index.php?rest_route=\/wp\/v2\/pages\/12","targetHints":{"allow":["GET"]}}],"collection":[{"href":"https:\/\/kasiabutryn.com\/index.php?rest_route=\/wp\/v2\/pages"}],"about":[{"href":"https:\/\/kasiabutryn.com\/index.php?rest_route=\/wp\/v2\/types\/page"}],"author":[{"embeddable":true,"href":"https:\/\/kasiabutryn.com\/index.php?rest_route=\/wp\/v2\/users\/1"}],"replies":[{"embeddable":true,"href":"https:\/\/kasiabutryn.com\/index.php?rest_route=%2Fwp%2Fv2%2Fcomments&post=12"}],"version-history":[{"count":18,"href":"https:\/\/kasiabutryn.com\/index.php?rest_route=\/wp\/v2\/pages\/12\/revisions"}],"predecessor-version":[{"id":67,"href":"https:\/\/kasiabutryn.com\/index.php?rest_route=\/wp\/v2\/pages\/12\/revisions\/67"}],"wp:attachment":[{"href":"https:\/\/kasiabutryn.com\/index.php?rest_route=%2Fwp%2Fv2%2Fmedia&parent=12"}],"curies":[{"name":"wp","href":"https:\/\/api.w.org\/{rel}","templated":true}]}}